(base 10) in base 3?
1102211122011
What is 5080267 (base 9) in base 2?
1010010101100110011100
2173637 (base 9) to base 16
11dc85
-1000110011011011101111 (base 2) to base 16
-2336ef
Convert -134a0 (base 16) to base 10.
-79008
Convert 2234232131 (base 5) to base 13.
105a71b
Convert -1196697 (base 14) to base 12.
-29a6b91
Convert -341332402 (base 5) to base 2.
-101110001000010110010
Convert 241342204 (base 6) to base 16.
457f9c
Convert 43315146 (base 8) to base 13.
1bcbcb0
Convert -14201145 (base 6) to base 7.
-4046252
-57b356 (base 14) to base 16
-2d9b50
-31291 (base 11) to base 2
-1011001000011100
What is -81549 (base 11) in base 8?
-350515
-ab8c8 (base 13) to base 6
-10401101
Convert 878110 (base 9) to base 6.
15123013
Convert -3212010 (base 5) to base 8.
-151365
110565543 (base 7) to base 3
110120211021110
What is 2203205 (base 6) in base 8?
326025
What is -2511251 (base 8) in base 10?
-692905
What is 1214204302 (base 5) in base 10?
2881827
What is -9403a0 (base 12) in base 2?
-1000110111001000101000
Convert -100102233202 (base 4) to base 15.
-595784
2f4e9 (base 16) to base 8
572351
Convert -433661 (base 13) to base 16.
-18162b
-123669 (base 10) to base 6
-2352313
What is -25ec3 (base 15) in base 3?
-20011121110
What is 54956 (base 11) in base 9?
131262
Convert -89243 (base 11) to base 10.
-129396
What is 2212022011 (base 3) in base 7?
323203
Convert -2abb5 (base 15) to base 9.
-228728
-132404430 (base 5) to base 10
-669365
-6835166 (base 11) to base 16
-b6a021
Convert 10041130 (base 9) to base 7.
55612320
What is -d7571 (base 16) in base 9?
-1583826
1023022210 (base 4) to base 9
518284
Convert 1101100011001101000100 (base 2) to base 10.
3552068
-453389 (base 12) to base 6
-35402253
What is 30196b5 (base 12) in base 5?
4300321431
-753a1 (base 12) to base 2
-100101101011101001
What is -112303210032 (base 4) in base 9?
-12221716
387388 (base 11) to base 14
11c477
98770 (base 11) to base 8
427755
What is -58894 (base 11) in base 12?
-41190
What is -648024 (base 9) in base 5?
-44331032
5705151 (base 8) to base 3
2220101021022
What is 5569729 (base 10) in base 14?
a4dadb
What is -51b7363 (base 12) in base 8?
-72644073
Convert 284926 (base 12) to base 11.
4197a9
-221010030 (base 4) to base 10
-168204
248696c (base 13) to base 16
adad37
-3805118 (base 10) to base 13
-a32c65
What is 11303231122 (base 4) in base 10?
1522522
1021253 (base 6) to base 15
ea49
-3011444 (base 6) to base 13
-4c624
Convert -24612855 (base 9) to base 6.
-1110212505
7b4b7 (base 15) to base 5
100030242
-15023502 (base 6) to base 11
-323181
What is -100110010101101001100 (base 2) in base 11?
-788942
Convert 4338904 (base 10) to base 3.
22011102212011
Convert 173d4 (base 14) to base 4.
32100132
What is 100110101010101101000 (base 2) in base 9?
2341051
Convert 23fff (base 16) to base 3.
21111021022
What is -10110000010011011001101 (base 2) in base 6?
-323453501
What is 178e5 (base 15) in base 2?
10010100111101001
Convert 1101000001011101000100 (base 2) to base 4.
31001131010
Convert b5717 (base 13) to base 6.
10554531
Convert 6744601 (base 8) to base 16.
1bc981
Convert 33548a4 (base 12) to base 3.
200110201110021
What is 3430216 (base 9) in base 7?
21504456
What is a0bc4d (base 14) in base 12?
198b339
Convert -4356440 (base 7) to base 14.
-dd120
What is -2248191 (base 12) in base 14?
-c2d149
-2136271 (base 9) to base 2
-100010111110101100110
Convert 1413441 (base 10) to base 2.
101011001000101000001
What is 81b68d (base 14) in base 5?
2104404433
What is -2ee34 (base 15) in base 14?
-3d3d9
What is 733340 (base 9) in base 2?
1101010010100100100
5e3d2 (base 15) to base 13
a716b
What is -6394a (base 13) in base 6?
-3503112
Convert -826370 (base 9) to base 4.
-1313223102
What is -1457434 (base 9) in base 6?
-25135004
What is -1030321213 (base 4) in base 14?
-82b0b
Convert -1640547 (base 9) to base 3.
-1201100121121
-136444023 (base 7) to base 12
-302b789
What is 131202330 (base 4) in base 2?
11101100010111100
What is 14114423 (base 8) in base 9?
5883784
Convert 5368121 (base 9) to base 6.
141415414
-2c6a9 (base 13) to base 8
-245237
Convert -1103272 (base 8) to base 2.
-1001000011010111010
Convert -414720 (base 13) to base 15.
-201720
Convert 4bbc9 (base 13) to base 15.
2b925
What is 18331851 (base 9) in base 13?
1bb3587
What is 200053 (base 10) in base 3?
101011102101
-39793 (base 15) to base 5
-21341323
c5dc (base 16) to base 15
1001c
Convert -2210322000 (base 4) to base 7.
-5512155
-22b3c3 (base 13) to base 8
-3112335
-4412586 (base 9) to base 10
-2370462
What is 18d9b (base 16) in base 5?
11224122
Convert -10534321 (base 6) to base 7.
-2515462
What is -84758 (base 9) in base 13?
-1c667
What is 3203233 (base 7) in base 12?
168454
What is -335632 (base 10) in base 16?
-51f10
-3257153 (base 8) to base 15
-1248e4
Convert 21b732 (base 13) to base 14.
16a3d8
Convert b3ac1 (base 13) to base 3.
121101112111
What is 23324222 (base 5) in base 13?
76717
145569 (base 16) to base 13
378717
7d433 (base 16) to base 2
1111101010000110011
221002200211 (base 3) to base 5
111302131
What is 21300133311 (base 4) in base 5?
1123323231
What is -3925075 (base 10) in base 3?
-21101102012011
What is 1011001001101100010 (base 2) in base 8?
1311542
-1e9591 (base 15) to base 6
-52051201
-10000100001000110 (base 2) to base 10
-67654
Convert -846179 (base 12) to base 15.
-2b2820
Convert 1603444 (base 9) to base 3.
1200010111111
What is b0084d (base 16) in base 12?
3a44239
-118b01 (base 12) to base 2
-1000101100100110001
What is 23020102032 (base 4) in base 7?
33540612
111001010010001100 (base 2) to base 11
150316
-1145ad (base 15) to base 11
-513748
Convert 3343d (base 14) to base 9.
208472
Convert 311203021 (base 4) to base 9.
363777
Convert -681644 (base 10) to base 14.
-13a5ac
-11101110001100000 (base 2) to base 6
-2340332
-451484 (base 9) to base 10
-270130
What is 2bd227 (base 14) in base 12?
61bb03
-1303410 (base 7) to base 10
-169302
Convert -473714 (base 10) to base 4.
-1303221302
What is 303a785 (base 12) in base 8?
42365325
-20306346 (base 7) to base 15
-238966
3450025 (base 8) to base 14
1a5ba5
6d49b (base 15) to base 2
1010101000111111111
Convert -b912b (base 12) to base 10.
-243827
Convert -7205538 (base 10) to base 16.
-6df2a2
What is 11001000000010101000111 (base 2) in base 11?
3777917
-10832254 (base 9) to base 15
-6e370d
What is 1357744 (base 9) in base 7?
6231100
Convert 1744162 (base 9) to base 14.
1b4db3
1155102 (base 10) to base 12
478566
Convert -1d455 (base 16) to base 13.
-42757
Convert -1020141142 (base 5) to base 6.
-113200244
What is 1123123021 (base 4) in base 13?
1015a8
What is -366064 (base 13) in base 10?
-1298509
Convert -112421334 (base 5) to base 4.
-1331132301
334242 (base 8) to base 4
123202202
What is -1101210233 (base 4) in base 3?
-121222100002
Convert 367b68 (base 12) to base 16.
d7fc0
1110111000101111100110 (base 2) to base 12
1382432
What is -2528253 (base 10) in base 11?
-1477572
-1949890 (base 11) to base 8
-14436726
What is -4487a0 (base 12) in base 15?
-168db9
15425322 (base 6) to base 15
ac60e
Convert b75b4 (base 16) to base 7.
6245405
Convert 123312431 (base 5) to base 4.
2103133110
What is -204a53 (base 13) in base 12?
-303a10
-740742 (base 8) to base 7
-2043623
What is 251243 (base 7) in base 10?
46091
Convert 54152 (base 16) to base 2.
1010100000101010010
What is 20002010220220 (base 3) in base 2?
1100010100110010010111
Convert 4332172 (base 8) to base 7.
12601561
Convert -1c83cd (base 15) to base 8.
-5244067
Convert -2ca25 (base 16) to base 6.
-3530221
What is -411404010 (base 5) in base 13?
-465a33
What is -32300223330 (base 4) in base 16?
-3b0afc
Convert 9c94a7 (base 14) to base 7.
63164500
Convert a3095 (base 11) to base 12.
73123
121001202022 (base 3) to base 13
b0c06
30331130 (base 4) to base 8
147534
Convert 38446 (base 10) to base 14.
10022
Convert 10345452 (base 6) to base 16.
4b9c8
Convert -1104501 (base 8) to base 4.
-1020211001
Convert 15322124 (base 6) to base 12.
220344
What is -14312424 (base 5) in base 9?
-250105
Convert -bc45 (base 15) to base 9.
-60642
What is 1bb3c2 (base 13) in base 2?
10101101011010011000
17a18c (base 13) to base 10
593475
What is -1010101001 (base 2) in base 5?
-10211
What is 33112232 (base 5) in base 3?
112111101022
C